{"id":2,"date":"2008-12-11T16:11:42","date_gmt":"2008-12-11T15:11:42","guid":{"rendered":"http:\/\/wundertype.de\/?page_id=2"},"modified":"2025-10-10T15:00:38","modified_gmt":"2025-10-10T14:00:38","slug":"impressum","status":"publish","type":"page","link":"http:\/\/wundertype.de\/?page_id=2","title":{"rendered":"Impressum"},"content":{"rendered":"<p><strong>Kontakt<\/strong><br \/>\nMichael Drossmann Dipl.-Des.<br \/>\nTechnisch-kreatives B\u00fcro<br \/>\nBalkenweg 9<br \/>\n38442 Wolfsburg<br \/>\nDeutschland<br \/>\nTelefon: +49 53 61 \/ 2 76 69 35<br \/>\nE-Mail: m.drossmann[AT]web.de<br \/>\nInternet: www.wundertype.de<\/p>\n<p>Inhaltlich Verantwortlicher gem\u00e4\u00df 55 Abs. 2 RStV:<br \/>\nMichael Drossmann (Anschrift wie oben)<\/p>\n<p>USt-ID: DE237381367<\/p>\n<p><strong>Haftungsausschluss<\/strong><br \/>\nTrotz sorgf\u00e4ltiger inhaltlicher Kontrolle kann keine Haftung f\u00fcr die Inhalte externer Links \u00fcbernommen werden. F\u00fcr den Inhalt der verlinkten Seiten sind ausschlie\u00dflich deren Betreiber verantwortlich. Eine Erg\u00e4nzung, Entfernung oder \u00c4nderung aller Angaben kann ohne vorherige Ank\u00fcndigung durchgef\u00fchrt werden.<\/p>\n","protected":false},"excerpt":{"rendered":"<p>Kontakt Michael Drossmann Dipl.-Des. Technisch-kreatives B\u00fcro Balkenweg 9 38442 Wolfsburg Deutschland Telefon: +49 53 61 <a href=\"http:\/\/wundertype.de\/?page_id=2\">Read more<\/a><\/p>\n","protected":false},"author":1,"featured_media":0,"parent":0,"menu_order":0,"comment_status":"closed","ping_status":"closed","template":"","meta":{"footnotes":""},"class_list":["post-2","page","type-page","status-publish","hentry"],"_links":{"self":[{"href":"http:\/\/wundertype.de\/index.php?rest_route=\/wp\/v2\/pages\/2","targetHints":{"allow":["GET"]}}],"collection":[{"href":"http:\/\/wundertype.de\/index.php?rest_route=\/wp\/v2\/pages"}],"about":[{"href":"http:\/\/wundertype.de\/index.php?rest_route=\/wp\/v2\/types\/page"}],"author":[{"embeddable":true,"href":"http:\/\/wundertype.de\/index.php?rest_route=\/wp\/v2\/users\/1"}],"replies":[{"embeddable":true,"href":"http:\/\/wundertype.de\/index.php?rest_route=%2Fwp%2Fv2%2Fcomments&post=2"}],"version-history":[{"count":24,"href":"http:\/\/wundertype.de\/index.php?rest_route=\/wp\/v2\/pages\/2\/revisions"}],"predecessor-version":[{"id":1267,"href":"http:\/\/wundertype.de\/index.php?rest_route=\/wp\/v2\/pages\/2\/revisions\/1267"}],"wp:attachment":[{"href":"http:\/\/wundertype.de\/index.php?rest_route=%2Fwp%2Fv2%2Fmedia&parent=2"}],"curies":[{"name":"wp","href":"https:\/\/api.w.org\/{rel}","templated":true}]}}